he remainder when 31198 is divided by 200?
198
What is the remainder when 240194 is divided by 1005?
1004
What is the remainder when 13321 is divided by 1902?
7
What is the remainder when 748607 is divided by 669?
665
What is the remainder when 762124 is divided by 28?
20
What is the remainder when 417117 is divided by 29794?
1
What is the remainder when 7924 is divided by 1970?
44
What is the remainder when 3964 is divided by 1882?
200
Calculate the remainder when 7286 is divided by 909.
14
Calculate the remainder when 16529 is divided by 271.
269
Calculate the remainder when 31994 is divided by 421.
419
What is the remainder when 556297 is divided by 595?
567
Calculate the remainder when 7807 is divided by 37.
0
What is the remainder when 85016 is divided by 230?
146
Calculate the remainder when 1294 is divided by 39.
7
Calculate the remainder when 11900 is divided by 1698.
14
Calculate the remainder when 5825 is divided by 324.
317
Calculate the remainder when 65416 is divided by 146.
8
What is the remainder when 24535 is divided by 269?
56
Calculate the remainder when 4249 is divided by 291.
175
What is the remainder when 8201 is divided by 24?
17
Calculate the remainder when 3457 is divided by 29.
6
What is the remainder when 251 is divided by 251?
0
What is the remainder when 1036 is divided by 888?
148
What is the remainder when 5273 is divided by 865?
83
What is the remainder when 8423 is divided by 355?
258
What is the remainder when 27777 is divided by 22?
13
Calculate the remainder when 7411 is divided by 1079.
937
Calculate the remainder when 4038 is divided by 366.
12
Calculate the remainder when 775095 is divided by 289.
286
Calculate the remainder when 17105 is divided by 17105.
0
Calculate the remainder when 4513 is divided by 110.
3
What is the remainder when 710456 is divided by 236815?
11
Calculate the remainder when 32102 is divided by 1182.
188
What is the remainder when 5133 is divided by 2555?
23
What is the remainder when 3751 is divided by 695?
276
What is the remainder when 13720 is divided by 12?
4
Calculate the remainder when 59654 is divided by 187.
1
Calculate the remainder when 559 is divided by 81.
73
Calculate the remainder when 3108 is divided by 990.
138
Calculate the remainder when 369524 is divided by 203.
64
What is the remainder when 23630 is divided by 1573?
35
Calculate the remainder when 27367 is divided by 130.
67
What is the remainder when 70835 is divided by 167?
27
Calculate the remainder when 46905 is divided by 701.
639
Calculate the remainder when 33356 is divided by 8.
4
Calculate the remainder when 3939 is divided by 1105.
624
Calculate the remainder when 11358 is divided by 160.
158
Calculate the remainder when 4038 is divided by 1333.
39
What is the remainder when 96343 is divided by 5659?
140
Calculate the remainder when 3648 is divided by 1118.
294
Calculate the remainder when 18803 is divided by 144.
83
Calculate the remainder when 29402 is divided by 196.
2
What is the remainder when 1160312 is divided by 21?
20
Calculate the remainder when 30715 is divided by 59.
35
What is the remainder when 1969 is divided by 34?
31
What is the remainder when 5890 is divided by 400?
290
Calculate the remainder when 176835 is divided by 673.
509
Calculate the remainder when 23564 is divided by 3.
2
Calculate the remainder when 3430 is divided by 1692.
46
Calculate the remainder when 860 is divided by 427.
6
Calculate the remainder when 32324 is divided by 16096.
132
Calculate the remainder when 19954 is divided by 259.
11
What is the remainder when 40706 is divided by 79?
21
What is the remainder when 32934 is divided by 30?
24
What is the remainder when 1265 is divided by 160?
145
Calculate the remainder when 6425 is divided by 267.
17
Calculate the remainder when 4739 is divided by 2257.
225
Calculate the remainder when 3141 is divided by 30.
21
What is the remainder when 7983 is divided by 52?
27
Calculate the remainder when 3922 is divided by 992.
946
Calculate the remainder when 54294 is divided by 18096.
6
Calculate the remainder when 7200 is divided by 55.
50
Calculate the remainder when 1324 is divided by 539.
246
What is the remainder when 16967 is divided by 67?
16
Calculate the remainder when 3438 is divided by 64.
46
Calculate the remainder when 4544 is divided by 182.
176
Calculate the remainder when 12310 is divided by 4097.
19
Calculate the remainder when 144201 is divided by 6866.
15
Calculate the remainder when 15927 is divided by 15916.
11
What is the remainder when 537 is divided by 36?
33
Calculate the remainder when 36137 is divided by 38.
37
Calculate the remainder when 1296826 is divided by 376.
2
Calculate the remainder when 5665 is divided by 2652.
361
Calculate the remainder when 1228 is divided by 147.
52
What is the remainder when 2872 is divided by 67?
58
What is the remainder when 185370 is divided by 33?
9
Calculate the remainder when 3859 is divided by 149.
134
What is the remainder when 86495 is divided by 32?
31
What is the remainder when 4243162 is divided by 274?
272
Calculate the remainder when 253640 is divided by 179.
176
What is the remainder when 1136690 is divided by 20?
10
Calculate the remainder when 78068 is divided by 71.
39
Calculate the remainder when 61453 is divided by 60.
13
Calculate the remainder when 3434 is divided by 75.
59
Calculate the remainder when 18024 is divided by 5997.
33
What is the remainder when 155000 is divided by 346?
338
Calculate the remainder when 171250 is divided by 233.
228
What is the remainder when 3709 is divided by 155?
144
Calculate the remainder when 20345 is divided by 20298.
47
What is the remainder when 5522 is divided by 17?
14
What is the remainder when 6977 is divided by 34?
7
Calculate the remainder when 4291 is divided by 4267.
24
What is the remainder when 110959 is divided by 10?
9
What is the remainder when 201213 is divided by 1863?
9
What is the remainder when 164247 is divided by 8?
7
Calculate the remainder when 112789 is divided by 7049.
5
What is the remainder when 7400 is divided by 7105?
295
What is the remainder when 8766 is divided by 612?
198
What is the remainder when 723 is divided by 179?
7
What is the remainder when 799039 is divided by 79?
33
Calculate the remainder when 4464 is divided by 151.
85
Calculate the remainder when 11706239 is divided by 560.
559
Calculate the remainder when 4462 is divided by 265.
222
What is the remainder when 981556 is divided by 53?
49
What is the remainder when 362397 is divided by 453?
450
What is the remainder when 2963 is divided by 57?
56
What is the remainder when 11019 is divided by 5496?
27
Calculate the remainder when 2271 is divided by 794.
683
Calculate the remainder when 44728 is divided by 63.
61
What is the remainder when 37861 is divided by 12562?
175
What is the remainder when 235976 is divided by 76?
72
Calculate the remainder when 225021 is divided by 75006.
3
Calculate the remainder when 6638 is divided by 34.
8
What is the remainder when 169608 is divided by 83?
39
Calculate the remainder when 2514 is divided by 30.
24
Calculate the remainder when 206963 is divided by 6898.
23
What is the remainder when 6092 is divided by 185?
172
Calculate the remainder when 5653 is divided by 564.
13
Calculate the remainder when 85052 is divided by 48.
44
Calculate the remainder when 137277 is divided by 27423.
162
What is the remainder when 364823 is divided by 12?
11
What is the remainder when 15751 is divided by 267?
265
What is the remainder when 142170 is divided by 632?
602
Calculate the remainder when 32413 is divided by 101.
93
Calculate the remainder when 94936 is divided by 470.
466
What is the remainder when 8446 is divided by 842?
26
Calculate the remainder when 104212 is divided by 104205.
7
Calculate the remainder when 2269 is divided by 456.
445
What is the remainder when 234050 is divided by 364?
362
What is the remainder when 18575 is divided by 387?
386
What is the remainder when 432594 is divided by 412?
406
Calculate the remainder when 49993 is divided by 173.
169
What is the remainder when 4924 is divided by 33?
7
What is the remainder when 210 is divided by 6?
0
What is the remainder when 54427 is divided by 864?
859
Calculate the 